mposite number?
False
Is 34737 a composite number?
True
Is 55243 composite?
False
Is 66469 a prime number?
False
Is 2435 prime?
False
Is 673 a prime number?
True
Is 11483 composite?
False
Is 8105 prime?
False
Is 5219 prime?
False
Is 2705 composite?
True
Is 29473 prime?
True
Is 479 composite?
False
Is 4591 composite?
False
Is 17669 a prime number?
True
Is 11863 composite?
False
Is 44503 prime?
False
Is 6731 composite?
True
Is 151327 a prime number?
False
Is 108235 composite?
True
Is 662161 a prime number?
False
Is 117785 a prime number?
False
Is 426266 composite?
True
Is 18826 composite?
True
Is 16921 composite?
False
Is 1979 a composite number?
False
Is 682141 prime?
True
Is 9977 a composite number?
True
Is 103333 prime?
True
Is 140333 prime?
True
Is 15153 prime?
False
Is 9517 a composite number?
True
Is 28837 a composite number?
False
Is 446015 composite?
True
Is 3593 a composite number?
False
Is 26777 a composite number?
False
Is 100031 a prime number?
False
Is 1943257 composite?
False
Is 19009 prime?
True
Is 804313 composite?
False
Is 73795 prime?
False
Is 190523 a composite number?
False
Is 4861 composite?
False
Is 106111 composite?
True
Is 44417 a composite number?
False
Is 80111 a composite number?
False
Is 15013 composite?
False
Is 5273 prime?
True
Is 109301 composite?
True
Is 721 prime?
False
Is 5557 a composite number?
False
Is 14351 a composite number?
True
Is 11863 a prime number?
True
Is 32491 a composite number?
False
Is 3587 prime?
False
Is 335047 composite?
False
Is 280499 a composite number?
False
Is 338993 a composite number?
False
Is 111797 a composite number?
True
Is 1828865 a prime number?
False
Is 2002061 prime?
True
Is 239623 prime?
True
Is 31583 composite?
False
Is 87869 prime?
True
Is 7607 prime?
True
Is 130373 prime?
False
Is 8353 a prime number?
True
Is 347 prime?
True
Is 226691 composite?
False
Is 641653 a prime number?
False
Is 265879 a composite number?
True
Is 24142 prime?
False
Is 16255 a prime number?
False
Is 9311 a prime number?
True
Is 851 prime?
False
Is 1169 a composite number?
True
Is 197122 prime?
False
Is 12059 composite?
True
Is 593689 a prime number?
True
Is 9271 prime?
False
Is 7427 composite?
True
Is 6247 prime?
True
Is 5779 a prime number?
True
Is 1061797 a composite number?
True
Is 72445 composite?
True
Is 173351 prime?
False
Is 46889 a composite number?
False
Is 4537 prime?
False
Is 46429 a prime number?
False
Is 4751 prime?
True
Is 3112433 composite?
True
Is 870803 a prime number?
False
Is 23347 a prime number?
False
Is 124441 composite?
True
Is 27471 a prime number?
False
Is 3149 composite?
True
Is 217103 prime?
False
Is 35023 a composite number?
False
Is 34403 a composite number?
False
Is 177799 composite?
True
Is 64393 prime?
False
Is 5249 prime?
False
Is 230611 a prime number?
True
Is 12791 a composite number?
False
Is 45743 a composite number?
True
Is 2159 composite?
True
Is 56567 a composite number?
True
Is 1811 a composite number?
False
Is 26002 prime?
False
Is 18637 prime?
True
Is 351029 composite?
True
Is 5779 composite?
False
Is 1797919 prime?
False
Is 12449 composite?
True
Is 57457 a composite number?
False
Is 13367 composite?
False
Is 670409 composite?
False
Is 83645 a prime number?
False
Is 31013 a prime number?
True
Is 123191 a prime number?
True
Is 1369 a composite number?
True
Is 15893 a composite number?
True
Is 30631 a composite number?
False
Is 45361 composite?
False
Is 769 composite?
False
Is 43753 a composite number?
False
Is 56995 a prime number?
False
Is 21481 a prime number?
True
Is 68311 a composite number?
False
Is 62663 composite?
True
Is 1304129 prime?
True
Is 21059 composite?
False
Is 1028723 a prime number?
False
Is 68473 prime?
True
Is 11197 a composite number?
False
Is 499879 prime?
True
Is 1170437 prime?
True
Is 61219 prime?
False
Is 29261 a prime number?
False
Is 40249 a prime number?
False
Is 183761 composite?
False
Is 20981 a prime number?
True
Is 93307 composite?
False
Is 1198583 a prime number?
True
Is 16795 prime?
False
Is 36373 a prime number?
True
Is 595813 prime?
False
Is 34231 a composite number?
False
Is 17321 prime?
True
Is 1466081 prime?
False
Is 45323 composite?
True
Is 12055 prime?
False
Is 11857 a composite number?
True
Is 34219 a composite number?
True
Is 73391 a prime number?
False
Is 31177 prime?
True
Is 66227 composite?
True
Is 19231 a composite number?
False
Is 229051 prime?
False
Is 19733 prime?
False
Is 4783 a prime number?
True
Is 46855 a prime number?
False
Is 10427 composite?
False
Is 1657 a composite number?
False
Is 26551 a prime number?
False
Is 25573 a prime number?
False
Is 7273 prime?
False
Is 108223 prime?
True
Is 533641 a composite number?
False
Is 14137 a prime number?
False
Is 16917 prime?
False
Is 10967 a composite number?
True
Is 583 a prime number?
False
Is 27769 a prime number?
False
Is 77893 prime?
True
Is 47491 prime?
True
Is 27641 prime?
False
Is 220123 composite?
False
Is 179755 composite?
True
Is 3684277 composite?
True
Is 284433 a composite number?
True
Is 268361 a composite number?
True
Is 9057 a prime number?
False
Is 10133 a prime number?
True
Is 86023 prime?
False
Is 8039 a prime number?
True
Is 534115 a prime number?
False
Is 22189 a prime number?
True
Is 188029 a prime number?
True
Is 143339 prime?
False
Is 168871 composite?
True
Is 465407 composite?
False
Is 3457 a prime number?
True
Is 6753 composite?
True
Is 1543 a prime number?
True
Is 6835 a composite number?
True
Is 616097 prime?
False
Is 334394 prime?
False
Is 287849 a prime number?
True
Is 5261 composite?
False
Is 158759 a prime number?
True
Is 97618 a composite number?
True
Is 192917 prime?
True
Is 18269 a composite number?
False
Is 52879 a prime number?
True
Is 81922 composite?
True
Is 32831 a prime number?
True
Is 1023337 prime?
False
Is 12049 composite?
False
Is 1242029 a composite number?
False
Is 2179 prime?
True
Is 18947 composite?
False
Is 7751 composite?
True
Is 445931 prime?
True
Is 123779 a composite number?
True
Is 943697 prime?
False
Is 116483 a composite number?
False
Is 353917 composite?
False
Is 271981 a prime number?
True
Is 345145 a prime number?
False
Is 554051 a composite number?
False
Is 196853 a composite number?
False
Is 9469 composite?
True
Is 8353 a composite number?
False
Is 10223 prime?
True
Is 49481 a prime number?
True
Is 4822 a composite number?
True
Is 154139 a prime number?
False
Is 221349 composite?
True
Is 230057 a composite number?
True
Is 491159 a prime number?
True
Is 384947 composite?
True
Is 118907 a prime number?
True
Is 5003 a prime number?
True
Is 64133 composite?
True
Is 7919 composite?
False
Is 196283 a composite number?
True
Is 129851 a prime number?
False
Is 169439 a prime number?
False
Is 56759 a composite number?
True
Is 4703 a composite number?
False
Is 3223 a composite number?
True
Is 1057853 a composite number?
False
Is 495109 a prime number?
True
Is 73111 a composite number?
True
Is 57047 composite?
False
Is 4127 prime?
True
Is 23917 a composite number?
False
Is 167593 prime?
True
Is 57901 prime?
True
Is 2928499 prime?
False
Is 6029 a prime number?
True
Is 21871 composite?
False
Is 29649 prime?
False
Is 2293 prime?
True
Is 1313 composite?
True
Is 3569051 a prime number?
True
Is 1361 a prime number?
True
Is 1553465 prime?
False
Is 386761 a prime number?
False
Is 436385 a prime number?
False
Is 8077 composite?
True
Is 15278 composite?
True
Is 1630493 composite?
True
Is 8899 a composite number?
True
Is 13403 a composite number?
True
Is 70793 prime?
True
Is 4621 composite?
False
Is 244529 a composite number?
False
Is 137969 a prime number?
False
Is 10961 composite?
True
Is 233349 composite?
True
Is 181787 composite?
False
Is 139939 a composite number?
False
Is 1337551 a composite number?
False
Is 9943 prime?
False
Is 21815 a prime number?
False
Is 10289 a prime number?
True
Is 277201 a composite number?
True
Is 292427 a prime number?
True
Is 202841 a prime number?
True
Is 45389 a composite number?
False
Is 9167 composite?
True
Is 5897 composite?
False
Is 323 a composite number?
True
Is 278463 a prime number?
False
Is 5879 composite?
False
Is 1814 prime?
False
Is 7647 a prime number?
False
Is 351913 composite?
False
Is 3989 composite?
False
Is 14137 a prime number?
False
Is 2237 a prime number?
True
Is 1